 z(s). Let b(o) = 16*o - 6. Let t(r) = 2*b(r) - 11*q(r). What is t(3)?
-4
Suppose 3*k = 5 - 8. Let i be 63/(-12) + 5 + k/(-4). Let h(b) = i*b**2 - b + b**2 + 1 - 4*b**2 + 2*b**2. What is h(0)?
1
Suppose 2*y + 3*h + 0 = 6, -3*y - 2*h + 4 = 0. Let a(k) = 0 - 1 - 1 + y - 2*k. Give a(-6).
10
Let p(j) be the third derivative of -j**4/6 + 9*j**2 + j. Determine p(-1).
4
Suppose -5383*a + 68 = -5366*a. Let i(r) = 6*r**3 - 3*r**2 - 7*r + 2. Let v(z) = -5*z**3 + 2*z**2 + 6*z - 1. Let u(y) = 6*i(y) + 7*v(y). Give u(a).
5
Let o(l) = 6*l**3 - l**2. Let g(m) = -7*m**3 - m. Let s(f) = -5*g(f) - 6*o(f). Suppose -13 = -3*p - 4*k, -5*p + 23 = -k - 14. Determine s(p).
-14
Let m(c) = c**3 - c**2 + 1. Let r(w) = w**3 + 8*w**2 + 4*w - 17. Let k be r(-7). Suppose -56 = k*g - 8. Let f be 1 + 15/(-18) + 26/g. What is m(f)?
-11
Let m(p) = -3*p + 27. Let c be m(8). Suppose -9*n + c*n = -18. Suppose 2*w = -g + 2, n*w + 0*w = 2*g + 3. Let r(j) = 2*j - 1. Determine r(w).
1
Let t(i) = -i**3 + 7*i**2 - 9*i + 4. Let y be t(6). Let m(f) be the second derivative of f**4/12 + 13*f**3/6 - 7*f**2 - 3*f - 1648. Calculate m(y).
0
Let i be (-1 + (-1)/(-1))*-1. Let v(y) = -9697637 - y**3 + y**2 + y + 9697637. Calculate v(i).
0
Let w(d) = -3*d - 97. Let s(b) = 350*b - 16838. Let y be s(48). Give w(y).
17
Let b(t) = 8*t**3 - 2*t**3 - 4*t**3. Let i be -5 + (2 - 3)*-3. Calculate b(i).
-16
Let r(i) = 59*i**3 - 20*i**3 + 5 - 7*i - 9*i - 23*i**3 - 14*i**3. Calculate r(3).
11
Let g(z) be the second derivative of -z**4/12 + 3*z**3/2 - 11*z**2/2 + 2063*z. What is g(10)?
-21
Let f = -11 - -7. Let i(q) = 5*q + 17. Let z(x) = 14*x + 20. Let b(v) = -12*v - 19. Let p(k) = -5*b(k) - 4*z(k). Let m(g) = -5*i(g) + 6*p(g). Calculate m(f).
9
Let q(y) = -19*y - 110. Suppose 237*k + 204*k + 2329 = -317. Determine q(k).
4
Let p(m) = 2 - 3*m**2 + 5 - m + 2*m**2. Suppose -25 = -5*x - z, -2*z - 3 = 1 - 24. Calculate p(x).
-5
Let b(v) = 24*v**3 + v**2 - 2*v + 2. Let d(p) = -2*p**3 + 12*p**2 + 2*p - 11. Let g be d(6). Give b(g).
25
Suppose k - 4*k + 5*f = -127, 4*f = -4*k + 212. Suppose -4*r - k + 69 = 0. Let h(p) = 7*p**2 - 10. Let z(l) = l**2 + l - 1. Let i(w) = h(w) - 6*z(w). Give i(r).
-9
Let t(y) = 16*y - 430. Let x(f) = -f**3 + 74*f**2 + 3*f + 26. Let n be x(0). Calculate t(n).
-14
Let c be -5*(6 - (-1878)/(-30)). Let g(t) = -3*t**3 - 1 + 0 + c*t - 283*t. Calculate g(1).
-4
Let b(u) be the third derivative of u**6/120 + 7*u**5/60 - u**4/24 - u**3/6 + 1532*u**2. What is b(-7)?
6
Let r(s) be the first derivative of -s**4/4 - 4*s**3 - 5*s**2 - 4*s - 875. Determine r(-11).
-15
Let j(v) = -3*v - 5 + 3 + 3 - v**2 + 1. Let k be j(-3). Let t(r) = -11*r**2 - r + r**k + 9*r**2 - r**3 + 3 + 4*r**2. Calculate t(3).
0
Let p(i) = -2*i**3 - 5*i**2 + 5*i. Let t(c) = -c**3 - 2*c**2 + 2*c. Let y(l) = -3*p(l) + 7*t(l). Let f be y(0). Let g(z) = -z**3 - z + 21. Give g(f).
21
Let x(j) = -2*j - 1. Suppose 36 = 4*l + l + 4*l. What is x(l)?
-9
Let t(u) be the first derivative of -41*u + 80 + 72*u - 33*u + 10*u**2. Give t(1).
18
Let o be (-8)/24 - ((-3)/9 - 1). Let u be (-19 - -14)/(o - 2). Suppose -2 = 2*m - 5*j, u*j - j + 26 = -3*m. Let n(g) = g + 6. Determine n(m).
0
Suppose y + t - 13 = 4*t, -4*t - 29 = -3*y. Let k(x) be the third derivative of -x**6/120 + x**5/12 + 7*x**4/12 - x**3/3 + x**2 - 480. Calculate k(y).
-2
Suppose 0 = o + o - 10. Let k(y) = 8*y - 11 + 2 + 15*y - 13*y. Let b(t) = -7*t + 6. Let f(v) = -7*b(v) - 5*k(v). Determine f(o).
-2
Let g(o) = -o**3 + 0 + 103*o - 104*o + 1 - 82*o**2 + 154*o**2 - 73*o**2. Let d = -9 - -6. What is g(d)?
22
Let c be (11*-1 - (-81)/(-27)) + -3 + 6. Let h(j) = -4*j**2 - 48*j - 40. Determine h(c).
4
Let v(f) = -5*f - 16. Let g(j) = 6*j + 17. Let r(x) = -4*g(x) - 5*v(x). Suppose -11*p - 48 = -17*p. Let l be 9/(-2)*p/3 - -1. What is r(l)?
1
Let c be -1 + (1 - 1)/1. Let f(k) = 3 + 6 - k + 2*k + 9*k + 1 - 9. Give f(c).
-9
Let h = -251 - -261. Suppose -s + 11*u + 13 = h*u, -6 = 2*u. Let g(t) = -t**3 + 9*t**2 + 13*t - 11. Give g(s).
19
Suppose 29*o = 30*o - 2. Let b(m) = m**2 - 2*m**o + 2*m**2 + 1439*m - 1 - 1440*m + m**3. Calculate b(0).
-1
Let q(w) = -w**3 + 12*w**2 + 13*w + 9. Let l(d) = d**3 - 19*d**2 + 25*d - 62. Let i be l(18). Suppose 31*n = i*n - 429. What is q(n)?
9
Let j(f) = 2*f**2 - f + 4. Let q(u) = -7*u**2 + 13*u + 7. Let p(s) = 4*j(s) + q(s). Determine p(-8).
15
Let g(k) = k + 11. Let a be g(-9). Let v(z) = 30*z**a - 107*z**2 + z + 31*z**2 - 1 + 31*z**2. What is v(1)?
-15
Let z(q) = q**3 + 7*q**2 + 26*q + 46. Let y be z(-3). Let d(i) = i**2 - 6*i + 4. Determine d(y).
-4
Let v = -10 + 17. Let h(j) = -j**3 - 12*j**2 + 11*j - 19. Let i be h(-13). Let b(y) = y**2 + 9 + 4 - 7*y + i - 14. Calculate b(v).
6
Let v(r) = 5 - 1 + 1 + 7*r + 2. Let n(u) = 5*u + 5. Let k(f) = -4*f - 4. Let d(a) = 6*k(a) + 7*n(a). Let t(l) = -5*d(l) + 8*v(l). Determine t(-3).
-2
Suppose 37 - 76 = 16*j + 41. Let w(q) = q**2 - 6*q + 4. Give w(j).
59
Let n(z) = -7*z**3 - 3*z**2 + 3*z + 4. Let l(r) be the first derivative of 5*r**4/4 + r**3 - r**2 - 3*r - 37. Let a(i) = 4*l(i) + 3*n(i). Give a(3).
3
Let r(g) = -g - 16. Let o = 22708 + -22706. Give r(o).
-18
Let s(c) = 32*c + 315. Let k be s(-10). Let i(m) = -m**3 - 6*m**2 + 4*m - 3. What is i(k)?
-48
Let d(y) = -y**2 + 3*y - 8. Let a be (20/(-12))/((-75)/270). Calculate d(a).
-26
Let a(b) be the third derivative of b**4/24 - 13*b**3/3 - 822*b**2. Suppose -103 = -7*m + 2. Determine a(m).
-11
Let i(x) be the third derivative of x**6/720 - x**5/24 + 7*x**4/24 + 4*x**3/3 - 20*x**2. Let y(d) be the second derivative of i(d). Determine y(9).
4
Let u(k) be the third derivative of k**4/8 - 5*k**3/3 - 267*k**2. Let f = -128 - -133. Calculate u(f).
5
Let i(m) be the first derivative of m**4/4 - 8*m**3/3 - 3*m**2/2 - 9*m + 2178. Calculate i(7).
-79
Let w(m) = -m**2 + 5*m + 5. Let d(t) = -t**3 - 14*t**2 + 15*t + 8. Let f be d(-15). Suppose f*z - 42 = z. Give w(z).
-1
Let s(j) = 31*j - 820. Let w be s(26). Let a(d) = -d**2 - 19*d - 12. Determine a(w).
58
Let q(w) be the second derivative of w**5/4 - 3*w**4/4 + 5*w**3/3 - w**2/2 + 2294*w. Calculate q(1).
5
Let f be -25 + 28 + 6 + -3 + 4. Let n(w) = -2*w**2 + 11*w + 33. Calculate n(f).
-57
Let t(h) = -50*h - 6016. Let g be t(-121). Let s(l) = l**3 - 32*l**2 - 69*l + 13. Calculate s(g).
-21
Let h(g) = -g**2 - 7*g + 11. Let k(d) = d**2 - 42*d - 134. Let w be k(45). Let r(f) = -23*f + 14. Let c be r(w). What is h(c)?
-7
Let k(j) = 4*j - 1. Let s(d) = -d**3 - 32*d**2 + 11. Let c be s(-32). Let h(f) = 3*f - 30. Let t be h(c). Determine k(t).
11
Let l(t) = -11*t - 10 - 2*t**2 - 19 + 44 + t**2 - 12. Calculate l(-10).
13
Let s(u) = -u**3 + 4*u**2 - 58944*u + 58935*u - 28 + 48. Determine s(4).
-16
Suppose -2*o + 3*k = 57, 4*k - 82 = 4*o + 30. Let x be (-5)/(o/6 + 2). Let l(s) = -3 + 7*s + 4*s**2 + 1 + 1 - 3*s**x. Calculate l(-5).
-11
Let g(t) = t**2 - 10*t + 38. Let q be g(8). Suppose 2*z + q = 3*b - 3, -3*z - 3*b = 0. Let r(w) = w**2 + 8*w + 6. What is r(z)?
-9
Let t(w) = -w**2 + 19*w + 27. Let q(y) = -y**2 - 151*y + 1978. Let x be q(12). Determine t(x).
-39
Let g(r) = 2*r**2 - 4*r - 84. Let j be g(8). Let v(f) = 7*f - 58. Give v(j).
26
Let i be (84/(-9))/(5 + -3)*-3. Let b(c) = c + 3*c - 3*c + 5 - i. Calculate b(4).
-5
Let o(x) be the second derivative of 0 + 9/2*x**2 - 5/6*x**3 + 18*x - 1/12*x**4. Let i be o(-6). Let l(j) = j**3 - 2*j**2 + j - 4. What is l(i)?
8
Let n(m) be the second derivative of m**5/20 + 3*m**4/4 - m**3/6 - 4*m**2 + 10*m. Let c(y) = y**3 + 3*y**2 - 3*y + 26. Let a be c(-5). Calculate n(a).
1
Let t(y) be the first derivative of -1/3*y**3 - 1/10*y**5 + 1/4*y**4 - 9 + 3/2*y**2 + 15*y. Let h(w) be the first derivative of t(w). Determine h(2).
-5
Let r(z) = z**3 - 17*z - 1. Let l be r(-4). Let m(w) be the third derivative of 0*w - w**2 + 0 + 1/60*w**5 + 1/3*w**l - 1/24*w**4. Calculate m(2).
4
Let p(l) be the second derivative of -28*l - 5/6*l**3 + 0 + 1/20*l**5 + 3/2*l**2 + 1/4*l**4. Let n be (1 - 0)*(5 - 9). Give p(n).
7
Let m(c) = 5*c - 2. Let p(z) = -6*z + 1. Let x(u) = -4*m(u) - 3*p(u). Suppose -24 = 17*d - 11*d. Give x(d).
13
Let b(g) = 2*g - 10. Let c be 10/8*(-27 - -23). Let o(a) = 3*a**2 + 17*a + 18. Let z be o(c). Calculate b(z).
6
Let m be (1/(-1) + 0)*-10*18/60. Let j(b) = -b + 3. Suppose 5*h = -2*n + 